 is divided by 26.
19
Let h = 10 + 30. Let k(v) = -v**3 - 20*v**2 - 99*v + 8. What is the remainder when k(-13) is divided by h?
32
Let i(p) = 5*p**2 - 341*p - 192. Calculate the remainder when i(69) is divided by 7.
0
Suppose s + 270 = 5*l, -s = 3*l - 37 - 125. What is the remainder when 85 is divided by l?
31
Let z(x) = 6*x - 745. Calculate the remainder when 1151 is divided by z(140).
11
Let f(d) = 29*d + 153. What is the remainder when f(-3) is divided by (-225)/9*(-3 + 2)?
16
Let z = -700 - -500. Calculate the remainder when z*(-1)/((-15)/(-12)) is divided by 24.
16
Suppose 4*a = 3*c - 290, -4*c = 2*a + 815 - 1209. Calculate the remainder when c is divided by 3/(-2)*10/(-3).
3
Let i = -218 - -104. Calculate the remainder when 84 is divided by ((-1425)/i)/((-1)/(-2)).
9
Let x(h) = -4*h - 2. Let v be (260/30)/(4/(-30)). Let l be 2/8 - v/(-52). Calculate the remainder when x(l) is divided by 2.
0
Let v(t) = 6*t**3 - 21*t**2 + 9*t + 11. What is the remainder when 373 is divided by v(4)?
88
Let y(f) = -4*f**2 + 177*f - 4. Suppose 164 = 4*k + 4*x, -x - 18 = -2*k + 70. Calculate the remainder when y(k) is divided by 27.
22
Let l = -2186 + 5191. What is the remainder when l is divided by 200?
5
Suppose -3*t = t - 16. Calculate the remainder when (-1)/t - -10*(-174)/(-48) is divided by 13.
10
Let h = -427 + 424. Let p(f) = 4*f**2 + 5*f + 25. Suppose 4*q = 59 + 5. What is the remainder when p(h) is divided by q?
14
Suppose -4*q = -6*i + 430, -1 = 4*q + 3. What is the remainder when 327 is divided by i?
43
What is the remainder when (12/(-6) - 0)/((9 - 14)/5455) is divided by 23?
20
What is the remainder when ((-215540)/(-2080))/((-1)/(-24)) is divided by 249?
246
Suppose -11250 = -22*k + 564. Calculate the remainder when k is divided by 49.
47
Let r = 97 + 106. Suppose 0 = -7*j + 70 + r. Calculate the remainder when 31 is divided by (j/(-6) + 1)*-2.
9
Suppose 4*p + n - 5*n = 8, 4*p + n = 8. Suppose -2 - 8 = -p*y. Let c = 40 + -37. What is the remainder when y is divided by c?
2
Let q be (-58938)/(-266) + 3/7. Suppose 0*o + q = 2*p - 2*o, -4*o = 2*p - 198. What is the remainder when p is divided by 36?
35
Let s = 10 - 2. Suppose 2*u - 70 = -3*z, 0*z = -2*u + 2*z + 50. Suppose 2*v = -0*v, -u = -t - 3*v. Calculate the remainder when t is divided by s.
5
Let a be (-2)/((-10)/15) + (7 - 0). Suppose -a = -2*q, 4*q - 3 = 5*d + 27. Calculate the remainder when 11 is divided by d/(-4) - (1 - 20/8).
1
Suppose 345*d - 80073 = 317*d + 6503. Calculate the remainder when d is divided by 26.
24
What is the remainder when 5866*((-360)/28)/(-15) is divided by 129?
126
Let j(g) = -2*g**3 + 16*g**2 + 35*g - 254. What is the remainder when 207 is divided by j(8)?
25
Suppose -102 = -4*l + c, 2*l + 2*c = 29 + 27. Let k(a) = 2*a**2 - 9*a - 213. Calculate the remainder when k(-10) is divided by l.
25
Let m = -479 + 700. Suppose 0 = -8*r + 315 + m. Calculate the remainder when r is divided by -10*(-2)/4*2.
7
Suppose 45 - 58 = 13*i. Let h = 63 + -33. Calculate the remainder when h is divided by 3 + 78/6 - (i + 1).
14
What is the remainder when (150/360*366)/((-1)/(-2)) is divided by 81?
62
Let b = 1047 - 1027. Let c be (-24)/9*(-84)/16. What is the remainder when ((-4)/3)/(c/(-693)) is divided by b?
6
Suppose -2*y + 6*y - 1448 = 0. Let x(n) = -639*n + 19900. What is the remainder when y is divided by x(31)?
89
Let y(f) = -15*f + 165. Let i be y(13). What is the remainder when 191 is divided by (-1436)/i - 2/(-15)?
47
Suppose -777 = -107*n + 5019 - 125. What is the remainder when 87 is divided by n?
34
Let g be -2 + 130 + 0 + 4. Suppose -4*u + 2*u = 3*j - 84, -g = -4*j + 4*u. Calculate the remainder when 115 is divided by j.
25
Let v be 6/(-18)*(-58 + -2). Suppose 133 = 5*i + s, -18*i - 5*s = -v*i + 37. What is the remainder when i is divided by 14?
12
Suppose 43*j + 10106 = -7653. Let u = 435 + j. Calculate the remainder when 63 is divided by u.
19
Let g(h) = -2*h**2 + 54*h - 34. Let p be g(27). Let x be ((-119)/p - (0 - -4))*-68. Suppose 5*v - 26 - x = 0. Calculate the remainder when 57 is divided by v.
9
Suppose -2*n = -5*n + 51. Suppose -5*l + 0 = d - 31, 0 = 3*d - 4*l - n. Let f(t) = t**2 + 3*t - 17. Calculate the remainder when f(7) is divided by d.
9
Calculate the remainder when -41*(0 + 1)*-1 is divided by (-92)/(-6) + (245/(-420) - (-6)/(-8)).
13
Let g = -69 - -72. Suppose 4*q - 3*j = -j + 6, -g*q - 4*j = -10. Suppose -6 = -q*y, 5*p - 4*y - 85 = y. What is the remainder when 97 is divided by p?
17
Suppose -4*c - 2*b = -12, 4*c - 16*b - 12 = -20*b. Suppose 5*p - w = -4*w + 5, -p + 4*w = -24. Calculate the remainder when p is divided by c.
1
Suppose -r = 3*u - 821, -4*u + 197 = 3*r - 901. Calculate the remainder when u is divided by 7.
0
Let p = -8588 - -10600. What is the remainder when p is divided by 78?
62
Suppose 448 = -93*p + 97*p. What is the remainder when 275 is divided by p?
51
Suppose -4*d + 21 = -u, u + 18 - 3 = 3*d. Suppose -5*k = a - 17, -d*k - 33 = -a - 3*k. Calculate the remainder when 1/((-2)/2)*-105 is divided by a.
24
Let p = -72 + 39. Let t = p + 39. Suppose -t*f + 2*f = -44. What is the remainder when 25 is divided by f?
3
Let b(n) = 21201*n**2 - 98*n - 101. What is the remainder when b(-1) is divided by 212?
210
Suppose 381*o - 7038 = 347*o. What is the remainder when 833 is divided by o?
5
Let s be (-12 - -7)/(0 - -1). Let r = s + 32. Let z = -892 - -909. What is the remainder when r is divided by z?
10
Suppose 4*j + h - 47 = 11, -h + 28 = 2*j. Suppose 42*m - j*m - 216 = 0. Calculate the remainder when 429 is divided by m.
5
Let n(j) = 69*j + 38. Let l be (88/10)/(5/75). Suppose m - 52 = -0*m - 5*u, -3*u + l = 2*m. Calculate the remainder when m is divided by n(0).
34
Suppose -v = -114 - 134. Suppose 0 = 6*x + 8 - v. Calculate the remainder when 69/(-2)*(186/(-18) + 7) is divided by x.
35
Let q = 593 - 305. Suppose 8*f + q = 1048. Calculate the remainder when f is divided by 20.
15
What is the remainder when (-2)/40 + 71646/120 is divided by 13?
12
Suppose -75*h + 45442 + 20312 = -28371. Calculate the remainder when h is divided by 157.
156
Let n be -5 + -3 + 3 + 8. Suppose n*s + 218 = 341. Calculate the remainder when s is divided by 34.
7
Suppose -32679*w + 32654*w + 85675 = 0. What is the remainder when w is divided by 127?
125
Let d(w) = -2*w**2 - 34*w + 13. Let c be (5 - (1 - -2)) + 3. Suppose -c*f = -7*f + 8. What is the remainder when d(-17) is divided by f?
1
Suppose -4*i + 8*r = 9*r + 29, -5*i - 5*r - 25 = 0. Calculate the remainder when 246 is divided by (i/40)/((-2)/130).
12
Suppose 2*k + 2*g - 26 = 0, -3*g + 41 = 3*k - g. Calculate the remainder when k is divided by (-44)/(-4) + 2 + -10.
0
Let h be (-1)/3 + 193500/(-270). Let q = h - -881. What is the remainder when q is divided by 81?
2
Suppose -4*k + 25 = -3*k. Suppose 259 = -3*v + 553. Calculate the remainder when v is divided by k.
23
Suppose -87 = -3*o - 0*o. Suppose -k + 192 = 5*f, 3*f + 423 = -0*k + 2*k. Let p = k - 123. Calculate the remainder when p is divided by o.
26
Suppose 12*w - 12406 = 4262. What is the remainder when w is divided by 11?
3
Let h = 5616 + -5594. Let a = -23 + 35. Calculate the remainder when h is divided by a.
10
What is the remainder when 80/(-110) - -1 - 5997/(-33) is divided by 113?
69
Let n(b) = -6*b - 3. Calculate the remainder when n(-3) is divided by (20 - 22)*(-4 - -10) - -16.
3
Let d = 241 + -234. Suppose -d*p - 4*p = -539. Calculate the remainder when p is divided by 17.
15
Let s be (3 - -418)*3*5/(-15). Let u = -412 - s. What is the remainder when 96 is divided by u?
6
Let j be (-12)/20 + 1 - (-106)/10. Suppose -2*h + v - 1 = -4*h, v - j = 3*h. What is the remainder when 33 is divided by ((-9)/5)/(h/20)?
15
Let k be ((-15)/45)/(2/(-57))*6. Calculate the remainder when 170 is divided by ((-5)/5)/((-1)/k).
56
Let v(j) = j**3 + 12*j**2 + 9*j - 10. Suppose -h + 3*u = -0*u - 144, -5*h = -u - 692. Let r = h - 105. What is the remainder when r is divided by v(-11)?
9
Let p = 145 + -120. What is the remainder when (-135)/(-2)*(-14)/(-21) is divided by p?
20
Suppose 5*c - 4292 = 2*y, 5*y - 2*y + 861 = c. What is the remainder when c is divided by 123?
120
Let d be (1 - 3)/2 - -8. Let s = 342 - 315. Calculate the remainder when s is divided by 12/